be q(j). Suppose -2*m = -l*m + 574. Is m prime?
False
Let k(y) = -4*y**3 - 11*y**2 - 3*y - 3. Let x be k(-9). Suppose i - 4*i = -x. Is i prime?
True
Let o = -13 - -53. Let k = 9 - 16. Let t = o + k. Is t prime?
False
Let y(g) = -2*g + 99 - g + 2*g + 68. Let r be y(0). Let o = r - 100. Is o prime?
True
Let c = 1221 - 257. Let x = c - 371. Is x composite?
False
Suppose 31133 = o - 3*v - 6407, v = 3*o - 112612. Is o prime?
True
Is (-419)/(8/4 - 3) a prime number?
True
Suppose 0 = 2*u - 4*g - 2184, -13*u + 14*u - 4*g = 1102. Is u a prime number?
False
Suppose p + 22498 = 5*z - 783, -23273 = -5*z + 3*p. Is z a composite number?
False
Let h be ((-2)/5)/((-5)/4200). Suppose -2*o + 399 = y, o - 1131 = -2*y - h. Is y a prime number?
True
Let h(y) = 17*y**2 + 9*y + 45. Is h(-8) a composite number?
False
Let v(r) = 3 - 4*r + 2 - 4 - 3. Let w be v(-6). Let y = 137 - w. Is y a composite number?
True
Let r be 40*(-2)/(-4) + -4. Let j(y) = -y**3 + 20*y**2 - 22*y - 19. Is j(r) prime?
True
Let w be (2 + -1)*(3 + -8). Let k be (19/(-3))/(w/345). Suppose -2*f + 437 + k = 0. Is f a composite number?
True
Suppose -3*k = 5*x + 27, -4*k - 3*x + x = 22. Suppose 5*w - 86 = -26. Is 3*(100/w + k) a composite number?
False
Suppose 20 = -4*q + q - 5*s, -2*q = -5*s - 20. Let h be (-246 + -2)/(-4) - 4. Suppose 0 = 5*u, q*u - h = -g + 2*u. Is g composite?
True
Suppose -3*g + 54 = g - 2*t, 0 = 2*g - 5*t - 31. Let z = g - 13. Suppose -3*o + 389 + 490 = z. Is o prime?
True
Suppose 4*z + 110*p - 117708 = 114*p, -147125 = -5*z - 5*p. Is z composite?
True
Suppose 3*u + 0*u = 0. Suppose 0 = -u*d - 2*d + 4. Suppose -d*y + 333 = -r, -5*y = -3*y - 3*r - 323. Is y a prime number?
False
Suppose -q + 966 = 59. Suppose -2*a + 799 = -q. Is a composite?
False
Let t(b) = -5*b - 19*b - 1 + 6*b. Is t(-2) prime?
False
Let r = 296 - -1970. Suppose -264 = -10*f + r. Is f a prime number?
False
Suppose -30*v + 28*v = -3*t - 82142, -2*t + 123239 = 3*v. Is v a composite number?
False
Let w(d) = d**3 + 9*d**2 + 9*d + 5. Let v be w(-8). Let b = 392 - 580. Is (b/v)/(4/6) a composite number?
True
Suppose -10*j - 3*u + 27083 = -6*j, 0 = 5*j - 5*u - 33880. Is j a prime number?
False
Let l be 3/(-12)*2*-22. Let r be (-15)/(l/(-4) + 2). Let i = r - -49. Is i a composite number?
True
Let w(m) = 107*m - 1. Let u be w(-4). Let r = u + 1091. Is r a prime number?
False
Let m(z) = -z**2 + 2*z - 7. Let h be m(0). Let n(b) = -8*b**3 + 4*b**2 + 7. Is n(h) prime?
False
Let x = 315 + -92. Suppose 6*b = 167 + x. Is b a composite number?
True
Suppose -37*d - 6105 = -40*d. Let p = 2888 - d. Is p a prime number?
True
Suppose 0 = 3*f - 8*c + 3*c - 33, -3*f - 3*c = -9. Let v = f - 7. Is (146 - 1) + v*4 prime?
False
Let w(s) = -9*s - 10. Let p be w(-3). Suppose -83 = 2*a - p. Let y = a - -152. Is y a composite number?
True
Suppose 3*s = 3, 14 = 3*o + 3*s - s. Suppose -o*l + 8 = -4*n, -4*l + 0*l - n = -13. Is (-3)/(((-12)/284)/l) a prime number?
False
Let n = 7017 + 63266. Is n a prime number?
False
Suppose 19*a - 20*a + 2 = 0. Is (a/4)/(1182/(-296) - -4) a composite number?
True
Suppose -83*o + 78*o = -54955. Is o a composite number?
True
Let v be (-5)/(-10) + (-45)/10. Suppose 0 = -2*m - m + 30. Is (-1148)/(-20) + v/m prime?
False
Let f(r) = 239*r - 35. Let m(v) = v + 2. Let l(g) = -f(g) - 3*m(g). Is l(-15) a prime number?
True
Let s = -7 + 15. Is (s/(-4) + -249)/(-1) a prime number?
True
Let z be (-1*2/(-4))/(-1)*-16. Suppose -4*u = 3*g - 23, 0*u + 3*u - 5*g = -19. Is (-3 - u)*(1 - z) prime?
False
Is 9 + -2 - (17 - 965) composite?
True
Suppose -z + 2*l - 14 = 0, 36 = -5*z + z + 4*l. Let j be -91 + z - 0 - 0. Let s = -1 - j. Is s a composite number?
True
Let u = 4746 + 19881. Is u a prime number?
False
Let c(x) = x**3 - 8*x**2 + 8*x - 3. Let t be c(7). Is (-78)/t*(-70)/21 a composite number?
True
Let m(k) = 25*k**2 - 9*k - 55. Is m(9) a prime number?
True
Let i(m) = m + 4. Let f be i(-8). Let y be (-1 - f - -5) + -3. Suppose -y*u + 73 = -262. Is u a prime number?
True
Suppose l + 5*l = -8796. Let n = -831 - l. Is n a composite number?
True
Suppose 0 = 3*a - 5*a + 546. Let b = a + -72. Suppose 5*x = -4*s + 1005, 2*x - b = x - 5*s. Is x composite?
True
Suppose 5*u + 2*j + 502 = 0, -267 - 47 = 3*u - 2*j. Is 4/4 + u*(-2 + -1) a composite number?
False
Let b = -2152 - -183. Let u be 1/3 + b/(-33). Is 6/u + (-2109)/(-10) a composite number?
False
Let h be (1 + 2)/(12/103572). Let g be (10/(-5))/((-6)/h). Suppose -a - 8*a = -g. Is a a composite number?
True
Let z(w) = 173*w**2 - 9*w + 5. Is z(7) composite?
False
Let p(g) be the second derivative of 5*g**5/4 + g**4/4 - g**3/6 - g**2 - 2*g. Is p(3) a composite number?
True
Let q = 13910 - 9357. Is q prime?
False
Suppose -2*n = 5*t + 3*n + 5, 3*t + 27 = 3*n. Let y(z) = -1 - 42*z + 5*z + 1. Is y(t) composite?
True
Suppose -4*s = -0*f - 5*f + 42, 5*s - 4*f = -57. Let c = s - -18. Suppose c*j - 560 + 145 = 0. Is j a prime number?
True
Suppose -4*m + 7*m = -3. Let l(b) = b**3 - 3*b - 2. Let a be l(m). Suppose a*r = 3*o + r - 1334, 911 = 2*o + 5*r. Is o a prime number?
True
Let l be ((-1)/3)/(4/305220*-5). Is l + (-4 - -4) + 2 composite?
True
Let z(y) = -y**3 - 3*y**2 + y + 3. Let g be z(-3). Suppose -2*k = -g*k - 3898. Is k a prime number?
True
Suppose 62*d - 84*d = -336886. Is d prime?
True
Let i(f) be the third derivative of 17*f**5/60 + f**4/24 + 7*f**3/6 + 2*f**2. Is i(-8) prime?
True
Let a be (-1180)/((-1)/(-2)*-2). Suppose 0 = l + 4*l + h - 1451, 0 = 4*l - 4*h - a. Is l a composite number?
True
Let n = 19 - 31. Let d = 9 + n. Is d + 0 + (-14)/(-2) a prime number?
False
Let i be ((-2598)/(3 - 1))/(-3). Suppose x = 2, -5*b + 2*x - x + i = 0. Is b a composite number?
True
Suppose -5*i - 5737 = -27132. Is i a prime number?
False
Let s = -15 + 15. Suppose s = -w + 259 - 732. Let u = 80 - w. Is u composite?
True
Let p(j) be the third derivative of 17*j**4/24 - j**3 - j**2. Let z = 150 - 143. Is p(z) a composite number?
False
Is 50/20*(-12)/15 + 1153 a prime number?
True
Let z = -6584 - -12407. Suppose 9*o + 0*o - z = 0. Is o prime?
True
Suppose -2*t + 9*t = -33054. Is (6/(-4))/(9/t) a prime number?
True
Let n = -5 - -9. Suppose n*u + k = -2*k - 9, 3*u + 5*k = -15. Let s(y) = -y**2 + 307. Is s(u) prime?
True
Let x = -3 - 9. Let v = -20 - x. Let d = v + 363. Is d a composite number?
True
Let u(a) = -a + 7. Let y be u(7). Suppose 6*h - 7060 + 370 = y. Is h a prime number?
False
Let g = -3 - -6. Suppose -54*x = -50*x + 4. Is 261 + x + g + -4 a prime number?
False
Suppose 273441 - 1209861 = -20*z. Is z prime?
False
Let t be -7*6/7*-1. Is -1 - 448/3*t/(-4) prime?
True
Suppose 3*u = 8*u + 315. Let l = u - -140. Is l a composite number?
True
Suppose -2*g + 1260 + 650 = 0. Suppose -5*c + 253 = -3*d + 973, 0 = -4*d + 5*c + g. Is d a composite number?
True
Is (-15)/9 + 20405294/273 composite?
True
Let a = 160 - 42. Is (0 - a)*(-4)/(-8)*-2 composite?
True
Let z = -11 - 3. Let y(s) = 21*s + 16. Let w(q) = -7*q - 5. Let x(g) = -17*w(g) - 6*y(g). Is x(z) a prime number?
False
Suppose 5*c + 1965 = 5*f, 9*c - 5*c + 399 = f. Is f prime?
False
Let j(z) = -1822*z - 159. Is j(-5) prime?
True
Suppose -5*y = 4*p + 14, y = -p - 5 + 2. Is -1 + -1 + (-2)/(y/67) composite?
True
Let h = 94 - -72. Suppose 2*k + 73 = -b, 4*k + 198 = -3*b - 31. Let i = h + b. Is i composite?
False
Let z(d) = d**3 + 9*d**2 - 9*d - 9. Let u = -10 + 5. Let s be u + -7 + -1 + 5. Is z(s) composite?
False
Suppose -4*t + 4 + 8 = 0. Suppose -t*k + 4*c + 425 = -2*k, 2*c + 431 = k. Is k composite?
True
Let t be 10/((-5)/(20/(-8))). Suppose u = -2*j + 123, 5*j + t*u - 103 = 3*j. Let h = 151 - j. Is h a prime number?
False
Let p = -9 + 13. Suppose -2*r + 4*h + 0*h = -124, p*r - 236 = 2*h. Is r a composite number?
True
Let f(l) = -l**3 - l**2 - 5*l + 2279. Is f(0) a composite number?
True
Let u be (382 + -1)/((-7)/7). Is u*((-48)/9 - -3) composite?
True
Let i(o) = -147*o + 34. Let x(z) = -73*z + 17. Let b(y) = 6*i(y) - 11*x(y). Is b(-6) composite?
False
Suppose 0 = 2*f + 35 + 27. Is 1/3*-3*f composite?
False
Let q(b) = 2*b**3 - 4*b**2 - 2*b + 2. Let y be q(3). Is 1419/7 - (-4)/y a prime number?
False
Suppose -24*t + 28481 = -48823. Is t a composite number?
False
Let g be (-6)/(-8) + 2 - (-3)/12. Suppose -v + 1212 = g*v. Is v composite?
True
Su